 3*s**2 + q*s**3 + 2. Let v = -13 - -9. Calculate x(v).
-11
Let b(v) = 1 + 5*v - 6*v + 2. Give b(0).
3
Let o be (12 - 0)*672/144. Let w(q) = 167 - 2*q - 55 - o - 59. Let b(l) = 4*l + 2. Let a be b(-2). Give w(a).
9
Let q(m) = -m**2 + 21*m**2 - 14*m**2 + 1. Calculate q(-1).
7
Let z(j) = -j**3 - 2*j**2 + 2*j - 1. Let v(h) = h + 17. Let q(f) = -2*f - 50. Let w(l) = 3*q(l) + 8*v(l). Let p be w(6). What is z(p)?
-5
Let k(q) = -q**3 + q**2 + q + 13. Suppose 29*j = -17*j. Calculate k(j).
13
Let x be (-6 - -1)*8/(-10). Suppose -n - x = n. Let s(j) = 4*j - 5*j - 2*j. Calculate s(n).
6
Let p be (-3)/(3/6 + -2). Let g(h) = 3 + 2*h + h - p*h. Suppose -3*m = 4*l + 2, 0*m - 18 = m - 3*l. Determine g(m).
-3
Let x(z) be the third derivative of -z**5/120 - z**4/24 - 11*z**3/6 + 8*z**2. Let h(k) be the first derivative of x(k). Give h(-1).
0
Let t(u) = u**2 + 6*u. Let p be t(-6). Let i(y) = 10*y**3 - 5*y**2 + p*y**2 - 7 - 11*y**3. Determine i(-5).
-7
Let b(a) = 2*a**2 - a - 2. Suppose 16*x - 15 = 33. Calculate b(x).
13
Let k(q) be the second derivative of q**3/6 - 14*q**2 + 813*q. Give k(18).
-10
Let a(m) be the first derivative of m**4/4 + 7*m**3 - 10*m**2 + 49*m - 796. What is a(-22)?
5
Let y be (-148)/(-9) - (-160)/(-360). Let m(p) = -p**3 + 15*p**2 + 16*p - 2. Determine m(y).
-2
Let t(n) = 39*n**2 + 37*n**2 + 5*n + 33*n**2 - 110*n**2. Suppose y - a = -y + 14, 4*y + 2*a = 12. What is t(y)?
0
Let q(g) = -6 + 78*g - 4 - 82*g + 15. Give q(-4).
21
Let t(d) = 7*d**3 - 4*d**2 + 6*d + 1. Let a(s) = 3*s**3 - 2*s**2 + 3*s. Let b(w) = -9*a(w) + 4*t(w). Give b(-4).
-16
Let r(q) = 3*q**2 + 2*q + 1. Let c be r(-1). Suppose c*x + 5 - 11 = 0. Suppose x*o + 2*l + l = 15, -o + 3*l = 11. Let h(p) = p**3 - p**2 + 1. Determine h(o).
1
Let d(b) be the first derivative of b**3/3 + 9*b**2/2 - 16*b - 203. What is d(-12)?
20
Let u(x) = x**3 - 9*x**2 + 11*x - 13. Let h be 46/(-851) + (-596)/(-74). What is u(h)?
11
Let z = -18 - -23. Suppose -2*g - 1030 = -z*j, 0 = 2*j + 3*g + g - 412. Let p(o) = -4 + o - 207*o**2 + 4*o + j*o**2. Determine p(3).
2
Let g(z) = z**2 + 3*z - 23. Let f(s) = s**3 - 3*s**2 + 2*s - 13. Let l be f(3). Determine g(l).
5
Let o(x) = -x - 3. Let m(d) = -6*d - 14. Let g(u) = 3*m(u) - 16*o(u). Suppose -7 = -4*q + 17. Give g(q).
-6
Suppose -2*r + r + 4 = 0, -2*a = -3*r + 20. Let p(j) = j**3 + 7*j**2 + 5*j + 5. Calculate p(a).
33
Let c(z) = z - 5. Suppose 0*d = -2*d + 10. Suppose -d*m = -u - 27, -4*m + 0*u + 22 = -u. Let k = m - 1. Calculate c(k).
-1
Let p(b) = -3*b**3 + 3*b**2 + 18. Let o(r) = r**3 - r**2 - 6. Let s(y) = -7*o(y) - 2*p(y). What is s(0)?
6
Let m be ((-28)/8 + 3)*2 - -7. Let b(g) = m - 4*g**2 - 4 - g**2 + 7*g + 6*g**2. Give b(-6).
-4
Let m(o) be the first derivative of -o**2/2 + 15*o - 121. Determine m(0).
15
Let v(k) = 3*k**2 - 28*k + 57. Let m be v(4). Let r(s) be the first derivative of -s**4/4 - 8*s**3/3 - 9*s**2/2 - 10*s + 1. Give r(m).
4
Suppose -9*h = 19 + 35. Let w(t) = t**3 + 7*t**2 + 5*t - 8. Give w(h).
-2
Suppose 3*f = 4*o - 7, f - 4*o + 19 = 2*f. Suppose -18 = f*j - 2*s, -5*j - 30 = -5*s + 8*s. Let v(r) = -2*r + 8. Give v(j).
20
Let w(q) = 2*q**2 - 12*q + 13. Let a = -114 - -121. Let l(v) = -3*v**2 + 18*v - 19. Let i(k) = a*w(k) + 5*l(k). Determine i(4).
4
Let i(u) be the second derivative of -u**3/6 + 11*u**2/2 - 53*u. Calculate i(13).
-2
Suppose 0*q - 6 = -2*q. Let d(r) = 8*r**2 + 4 + r - 9*r**2 + r - q*r. What is d(-4)?
-8
Let u = 12695 + -12691. Let b be (-1)/(-1) - (0 + 1). Let k(l) = -5 + l + 2 + b. Give k(u).
1
Let i(x) = 11*x**3 + 7*x. Let p(v) = 20*v**3 + 15*v. Let u(y) = -13*i(y) + 6*p(y). Determine u(-1).
24
Let c(b) = -b**3 - 7*b**2 + 9*b - 6. Let o = 203 + -211. What is c(o)?
-14
Let b(y) be the first derivative of -y**3/3 - 3*y**2 + 10*y - 148. Determine b(-8).
-6
Suppose 234 = 3*m + 15*m. Let h(u) = -u + m - 4 - 19. Give h(-5).
-5
Let j(l) = 4*l - 20. Let z(n) = 11*n - 56. Let a(p) = -17*j(p) + 6*z(p). Calculate a(5).
-6
Let b(s) = -13*s**3 - 14*s**2 - 32*s - 33. Let j(w) = 3*w**3 + 4*w**2 + 8*w + 8. Let v(t) = 2*b(t) + 9*j(t). Calculate v(-7).
-1
Let q(m) = m**2 - m - 1. Let y be q(2). Let o(k) = 3*k - 3 + 5*k + 9*k + 4. What is o(y)?
18
Let f(d) = d**3 + 5*d**2 + 3*d - 2. Let m be f(-4). Let n be 1/5 - (45/(-25) - 2). Suppose u + m = n. Let o(a) = 3*a + 1. Determine o(u).
7
Let m(j) = -3*j - 6. Let q = 2820 - 2806. Calculate m(q).
-48
Let g be -1 + -3 + 0/(-2). Let u(d) be the second derivative of d**5/20 + d**4/3 - 5*d**3/6 - d**2 - 68*d. Calculate u(g).
18
Let a(d) = -d**3 + 4*d**2 - 2. Let h(c) = -5*c - 11. Let i be h(-3). What is a(i)?
-2
Suppose 3*n + 18 = -4*d, -7*n - 8 = -5*n + 4*d. Let x(y) = -y**3 - 11*y**2 - 11*y - 4. Determine x(n).
6
Let p(k) = k**2 - 6*k - 6. Let v be (6/10 - 143/(-220))*4. Determine p(v).
-11
Let c(r) = -r - 2. Let d = 36 - 31. Suppose 0 = -2*j + 3*j - d*k + 8, -2*k + 2 = 0. What is c(j)?
1
Let y(z) be the second derivative of -3*z**3 - z**2 - 5*z - 16. Give y(2).
-38
Suppose 0 = -2*t + 16 + 2. Let a(j) be the third derivative of 0*j + 1/60*j**5 + 22*j**2 + 1/3*j**3 + 0 - 5/12*j**4. Give a(t).
-7
Let w = 7 + -5. Let h(o) = -11*o**2 - 4*o + 2. Let s(y) = -20*y**2 - 7*y + 4. Let f(p) = 9*h(p) - 5*s(p). Determine f(w).
0
Let c(m) = 2*m**2 + 6*m**2 + 9*m - 4*m**2 + 4*m**2. Let s(d) = -7*d**2 - 8*d. Let j(k) = 5*c(k) + 6*s(k). What is j(-2)?
-2
Let i = -19954 + 19959. Let p(b) = -b**2 - 10*b - 1. Let w(m) = m**2 + 5*m. Let c(j) = 3*p(j) + 5*w(j). Determine c(i).
22
Let m(l) = -l**3 - 7*l**2 + 7*l - 4. Let o = -57 - -49. Give m(o).
4
Let m(d) = d**2 + 2. Suppose -110 = -8*g - 134. What is m(g)?
11
Let o = -40 - -42. Let m = 184 + -52. Let x(y) = m*y - y**o - 132*y - 1. Give x(1).
-2
Let g(v) = -40*v + 56*v - 1 - 2 + 10. Determine g(-1).
-9
Suppose -5*n = -0*d - 3*d - 22, 3*d - 8 = -n. Let h(m) = m**2 - 9*m + 17. What is h(n)?
-3
Let p(x) = -5*x - 10. Let g(c) = 9*c + 19. Let o(n) = 4*g(n) + 7*p(n). Suppose 0 = -4*i + 22*s - 19*s - 24, 30 = -5*i - s. Give o(i).
0
Let w(b) = -58*b + 345. Let p be w(6). Let g = -6 - -10. Let z(y) = 2*y - g*y + y**2 + 4*y + 4. Give z(p).
7
Let j(p) = 23*p - 1. Let g(s) = 7*s. Let h(w) = 7*g(w) - 2*j(w). Calculate h(1).
5
Let t(h) = -2*h - 9. Let o be t(-17). Suppose -3*w - o = 2*w. Let k(s) = s**3 + 6*s**2 + 4*s - 2. What is k(w)?
3
Let c(y) = -y**3 + 5*y**2 - 5*y - 3. Let d be 1*(-1 + 2)*-5. Let k = 8 + d. Suppose 2*r - 17 = k*g, r = -2*g - 1 - 1. Give c(r).
-7
Let c(g) be the second derivative of 0 + 1/20*g**5 + 0*g**2 - 1/6*g**4 + 3*g - 2/3*g**3. Suppose 388 - 400 = -4*i. Determine c(i).
-3
Let r(h) be the first derivative of 4*h**2 + 2*h - 1. Let l be (135/6)/3*-2. Let u be 25/l + (-1)/3. Determine r(u).
-14
Let h(z) = -5*z - 5. Let g(m) = 4*m + 4. Let s(w) = -6*g(w) - 5*h(w). Let c = -6 - -3. Give s(c).
-2
Let w be (15/12)/((-3)/(-12)). Suppose -w*h + h = -j - 23, 4*j + 2 = h. Suppose h - 24 = 3*b. Let u(a) = -a - 8. Determine u(b).
-2
Suppose -5*a = -10, -a = -i - 3*i + 6. Let n(r) = 0*r**2 - r - 6*r**i - 3*r + r**3 + 3*r**2 - 3. Let z = 0 - 2. Give n(z).
-15
Let p(s) = -2*s. Let r(m) = 4*m**2 - 12*m + 1. Let z(g) = 6*p(g) - r(g). What is z(1)?
-5
Let t be 1/(1 + (0 - (-3)/(-4))). Let s(i) be the third derivative of 7*i**2 - 1/24*i**t + 1/60*i**5 + 0 - 1/3*i**3 + 0*i. Give s(-3).
10
Let i(z) = -7 + 4*z + 2*z - 3*z. Let k(s) = s**3 + 11*s**2 - 21*s + 22. Let o be k(-13). Let d = -38 - o. Determine i(d).
8
Let o(j) = -4 - j**2 - 5*j**2 + 0*j**2 - 6*j - 3*j**2 + 8*j**2. Suppose 4*l + 12 = l + 3*u, 4*l + 3*u = -16. What is o(l)?
4
Let y(j) = j**3 - 26*j**2 + 6*j + 1. Let f(q) = -q**3 + 23*q**2 - 6*q - 1. Let v(p) = -6*f(p) - 5*y(p). What is v(7)?
-6
Let c(g) = -6*g + 53. Let x be c(6). Let q(j) = 8 + x*j - 6*j - 3*j - 7*j. Suppose -k - 20 = 4*k. Calculate q(k).
4
Let w = 2 - -1. Let m(b) = 2*b**3 - 3*b**w + 2*b**3 + b + 4 + 6*b**2 - 2*b**2. Let q = 77 + -81. What is m(q)?
0
Let b(j) be the second derivative of -j**5/20 + j**4/4 - 7*j**2/2 - 302*j. Determine b(2).
-3
Let i(t) = 12*t + 13. Let p(r) = -12*r - 14. Let z(b) = 3*i(b) + 2*p(b). Let j(y) = y + 1. Suppose m + 0*m = -2. Let k(n) = m*z(n) + 22*j(n). Calculate k(-5).
10
Suppose -57 = -2*k + 57. Let n = k - 52. Let y(u) = u**3 - 5*u**2 - 6. Determine y(n).
-6
Let l(t) be the first derivative of -30 + 2*t + 1/3